1153, 57977
List the prime factors of 71616521.
131, 546691
List the prime factors of 23173040.
2, 5, 11, 17, 1549
List the prime factors of 177927122.
2, 29, 3067709
What are the prime factors of 71711086?
2, 35855543
List the prime factors of 185125945.
5, 37025189
What are the prime factors of 1066845564?
2, 3, 29634599
List the prime factors of 4782945.
3, 5, 318863
What are the prime factors of 375194336?
2, 11, 1065893
What are the prime factors of 246633894?
2, 3, 13, 1053991
List the prime factors of 190970791.
11, 113, 13967
List the prime factors of 43780715.
5, 11, 179, 4447
List the prime factors of 1583907159.
3, 211, 659, 3797
List the prime factors of 397204659.
3, 421, 104831
List the prime factors of 6624709918.
2, 23, 37, 3892309
What are the prime factors of 133239720?
2, 3, 5, 1110331
List the prime factors of 4021969618.
2, 439, 4580831
List the prime factors of 44635274.
2, 367, 60811
What are the prime factors of 60187986?
2, 3, 3343777
List the prime factors of 583472152.
2, 101, 722119
What are the prime factors of 1206588532?
2, 17, 17743949
What are the prime factors of 443307740?
2, 5, 61, 363367
What are the prime factors of 596381889?
3, 4091, 48593
List the prime factors of 1115948593.
21499, 51907
What are the prime factors of 79374515?
5, 11, 347, 4159
What are the prime factors of 428254112?
2, 11, 13, 23, 313
List the prime factors of 3069113829.
3, 21589, 47387
What are the prime factors of 649030414?
2, 349, 929843
What are the prime factors of 225410654?
2, 7, 229, 70309
List the prime factors of 62105598.
2, 3, 3450311
List the prime factors of 121140038.
2, 60570019
What are the prime factors of 49244234?
2, 13, 89, 1637
What are the prime factors of 41545752?
2, 3, 1731073
List the prime factors of 1028956507.
103, 2339, 4271
What are the prime factors of 773828391?
3, 7, 103, 347, 1031
List the prime factors of 212380459.
23, 877, 10529
What are the prime factors of 658080920?
2, 5, 7, 2350289
What are the prime factors of 60183771?
3, 757, 26501
What are the prime factors of 545777039?
127, 4297457
List the prime factors of 7275683.
353, 20611
List the prime factors of 323974108.
2, 1993, 40639
List the prime factors of 3753258202.
2, 1559, 1203739
List the prime factors of 769519917.
3, 85502213
What are the prime factors of 732960792?
2, 3, 577, 5881
List the prime factors of 11427321.
3, 3809107
List the prime factors of 3111538181.
857, 3630733
What are the prime factors of 2711170328?
2, 29, 1973, 5923
List the prime factors of 183890825.
5, 7355633
List the prime factors of 5214322848.
2, 3, 7, 1108487
List the prime factors of 92789920.
2, 5, 19, 131, 233
What are the prime factors of 112752102?
2, 3, 18792017
What are the prime factors of 356914271?
7, 50987753
What are the prime factors of 873712648?
2, 5573, 19597
List the prime factors of 49463833.
127, 389479
What are the prime factors of 962761322?
2, 83, 5799767
List the prime factors of 1842776342.
2, 11, 37, 647, 3499
List the prime factors of 241332022.
2, 149, 809839
What are the prime factors of 2837321856?
2, 3, 2462953
What are the prime factors of 59504108?
2, 14876027
What are the prime factors of 42923051?
73, 587987
List the prime factors of 2045817858.
2, 3, 7, 48709949
What are the prime factors of 386012393?
13, 67, 73, 467
What are the prime factors of 4273581?
3, 13, 109579
List the prime factors of 2457228312.
2, 3, 7, 11, 37
List the prime factors of 23526522.
2, 3, 19, 68791
List the prime factors of 167091700.
2, 5, 19, 87943
What are the prime factors of 648992387?
1783, 363989
List the prime factors of 1153669009.
17011, 67819
What are the prime factors of 4283970695?
5, 1621, 528559
What are the prime factors of 54616441?
11, 4965131
List the prime factors of 30326577.
3, 61, 165719
List the prime factors of 675583663.
229, 2950147
What are the prime factors of 274155701?
274155701
List the prime factors of 21328434.
2, 3, 31, 137
What are the prime factors of 999424542?
2, 3, 71, 347, 6761
What are the prime factors of 124056289?
7, 2531761
List the prime factors of 935552865.
3, 5, 13, 4797707
What are the prime factors of 2385156295?
5, 477031259
What are the prime factors of 103160180?
2, 5, 151, 34159
What are the prime factors of 46792400?
2, 5, 116981
List the prime factors of 144974842.
2, 23, 97, 32491
What are the prime factors of 16017555?
3, 5, 1067837
List the prime factors of 537377616.
2, 3, 17, 219517
What are the prime factors of 4418063575?
5, 176722543
What are the prime factors of 598736938?
2, 421, 711089
List the prime factors of 1958831780.
2, 5, 71, 19429
List the prime factors of 1985817625.
5, 11, 577, 2503
List the prime factors of 13067937.
3, 97, 14969
What are the prime factors of 424832106?
2, 3, 70805351
List the prime factors of 213038653.
213038653
What are the prime factors of 6537223695?
3, 5, 19, 3049, 7523
What are the prime factors of 327992779?
53, 1733, 3571
List the prime factors of 5285248039.
23, 229793393
What are the prime factors of 1640891191?
1640891191
List the prime factors of 19137074.
2, 11, 311, 2797
What are the prime factors of 1063635888?
2, 3, 7, 3165583
List the prime factors of 338573285.
5, 41, 191, 8647
What are the prime factors of 177286699?
167, 1061597
What are the prime factors of 255973041?
3, 117043
What are the prime factors of 251039146?
2, 41, 313, 9781
List the prime factors of 2390738899.
1709, 1398911
What are the prime factors of 30226113?
3, 59, 56923
What are the prime factors of 11844455?
5, 7, 338413
What are the prime factors of 329617499?
329617499
List the prime factors of 4141104765.
3, 5, 7, 3547, 11119
List the prime factors of 145551016.
2, 13, 1399529
List the prime factors of 219057002.
2, 17, 6442853
List the prime factors of 34003800.
2, 3, 5, 2099
List the prime factors of 120931695.
3, 5, 43, 62497
List the prime factors of 184309926.
2, 3, 131, 227, 1033
What are the prime factors of 13197475?
5, 31, 17029
List the prime factors of 33455136.
2, 3, 11, 13, 2437
List the prime factors of 106665664.
2, 7, 238093
List the prime factors of 1495470954.
2, 3, 67, 401, 9277
What are the prime factors of 165898832?
2, 11, 942607
What are the prime factors of 38279027?
1493, 25639
List the prime factors of 641103121.
641103121
What are the prime factors of 143239977?
3, 17, 647, 1447
List the prime factors of 49684976.
2, 11, 197, 1433
List the prime factors of 45586049.
103, 157, 2819
What are the prime factors of 4637998168?
2, 83, 6984937
What are the prime factors of 17077908?
2, 3, 1423159
List the prime factors of 1733205835.
5, 1777, 195071
List the prime factors of 337589483.
7, 11, 67, 65437
List the prime factors of 377580483.
3, 7, 19, 151, 2089
What are the prime factors of 10303981?
10303981
List the prime factors of 1902213004.
2, 4703, 101117
What are the prime factors of 60003393?
3, 101, 198031
What are the prime factors of 140513282?
2, 7, 13, 53, 2081
What are the prime factors of 3391788915?
3, 5, 17, 797, 5563
List the prime factors of 1079445593.
1303, 828431
What are the prime factors of 69874665?
3, 5, 7, 47, 14159
What are the prime factors of 561097704?
2, 3, 3559, 6569
List the prime factors of 64332776.
2, 8041597
What are the prime factors of 829488?
2, 3, 11, 1571
List the prime factors of 151367120.
2, 5, 1892089
List the prime factors of 5214386.
2, 31, 2713
What are the prime factors of 2010193?
29, 69317
List the prime factors of 354441109.
11, 17, 23, 3583
What are the prime factors of 60911037?
3, 11, 55933
What are the prime factors of 3804859253?
13, 292681481
What are the prime factors of 51315791?
443, 115837
What are the prime factors of 602590147?
61, 9878527
List the prime factors of 34825347.
3, 19, 203657
List the prime factors of 727815317.
727815317
What are the prime factors of 3870778479?
3, 1290259493
What are the prime factors of 157613553?
3, 41, 173, 823
List the prime factors of 73971826.
2, 19, 1946627
What are the prime factors of 2808368012?
2, 43, 467, 34963
List the prime factors of 1778558781.
3, 592852927
List the prime factors of 3311335852.
2, 11, 23, 109, 2729
List the prime factors of 517080750.
2, 3, 5, 689441
What are the prime factors of 307225940?
2, 5, 7, 219